 14, what is -9 + -75361?
-7536a
In base 5, what is 13030432 + -21412?
13004020
In base 16, what is 677ba4 + e?
677bb2
In base 9, what is 77621 - 12005?
65615
In base 10, what is 28191561 - -13?
28191574
In base 7, what is 5 - -632510615?
632510623
In base 13, what is -10ba9 + -510?
-113b9
In base 2, what is 1110001111101100100 - 1101110100?
1110001101111110000
In base 8, what is 2660405 + -436?
2657747
In base 5, what is 1012101 + -104412?
402134
In base 6, what is 41231321 - 2?
41231315
In base 5, what is 1404403 + 11221?
1421124
In base 6, what is -3034133 + -4?
-3034141
In base 4, what is 213 - -2320131323?
2320132202
In base 11, what is 0 + -4579aa5?
-4579aa5
In base 12, what is -439 + -55?
-492
In base 2, what is 10 + -10111011110011101001?
-10111011110011100111
In base 12, what is -2 - -20054bb?
20054b9
In base 4, what is -3300031 + 202310?
-3031121
In base 12, what is 22 - 11a6389?
-11a6367
In base 8, what is 1 + 2362742532?
2362742533
In base 7, what is -4665152106 + 2?
-4665152104
In base 16, what is 2201e1 + 12?
2201f3
In base 10, what is 9478977 + -4?
9478973
In base 3, what is 10 + -121222111001012221?
-121222111001012211
In base 8, what is 726776 + 0?
726776
In base 15, what is -27 - -80592a?
805903
In base 11, what is -15031 + -171a?
-16750
In base 11, what is -15757381 - 5?
-15757386
In base 11, what is -351402 + -56?
-351458
In base 12, what is 1 + -b05b297?
-b05b296
In base 13, what is -a0 + 1968041?
1967c71
In base 5, what is 10 + 1001344001240?
1001344001300
In base 5, what is -4244213230201 + -1?
-4244213230202
In base 4, what is 12221113 - -10130021?
23011200
In base 8, what is 1 - 5752141?
-5752140
In base 2, what is 1100000110011 + 111110000100?
10011110110111
In base 4, what is -33221 + -303233331?
-303333212
In base 11, what is 44a17a5 + -70?
44a1735
In base 3, what is 120211 - -1200010?
2020221
In base 15, what is -12220 - 12c?
-1234c
In base 10, what is -461436 - -30?
-461406
In base 12, what is -39b1 + 38a?
-3623
In base 3, what is -1020100 + -1010211222?
-1012002022
In base 8, what is -64765 + 1333?
-63432
In base 15, what is 1e5a0bcc + -1?
1e5a0bcb
In base 16, what is 295b3f8 - 1?
295b3f7
In base 3, what is 12100221221 - -101120112?
12202112110
In base 6, what is 4 + 141352555?
141353003
In base 7, what is -1436510 - 62?
-1436602
In base 15, what is 4ac774 - -5?
4ac779
In base 16, what is -138c35 - 17?
-138c4c
In base 10, what is -8 + 5275551?
5275543
In base 7, what is 2 + -564446000?
-564445665
In base 4, what is -20203323201 - 11?
-20203323212
In base 6, what is -402515115 + -4?
-402515123
In base 5, what is 1224 + 122101112?
122102341
In base 9, what is -10582 + 1175?
-8406
In base 8, what is -32017 - -6347?
-23450
In base 8, what is -70000631 + -120?
-70000751
In base 5, what is 1 + -41024033?
-41024032
In base 16, what is -6268 + -86?
-62ee
In base 5, what is 0 + 440322431?
440322431
In base 14, what is 4 - -369d17d?
369d183
In base 2, what is 1100011011110 + -100010010111?
1000001000111
In base 8, what is 3 + -414332472?
-414332467
In base 14, what is 74ac + -100?
73ac
In base 2, what is -100001000001 + 1010101100010?
110100100001
In base 11, what is -459917 + 8?
-45990a
In base 2, what is 1110 + -1101110010001100111101?
-1101110010001100101111
In base 4, what is 3 + -1220302201231?
-1220302201222
In base 15, what is -c0b1dc6 - -5?
-c0b1dc1
In base 12, what is 857a4a72 + 1?
857a4a73
In base 13, what is -188b5 + 28c?
-18626
In base 2, what is -11001100001111 - 100?
-11001100010011
In base 2, what is 1111010001000011100101 - -10011?
1111010001000011111000
In base 2, what is 10011 + -1100111101100001111000110?
-1100111101100001110110011
In base 10, what is 5 + -8543743?
-8543738
In base 11, what is -a26a30 - 4?
-a26a34
In base 4, what is 11321 + 3113010?
3130331
In base 9, what is -118 - -122152?
122033
In base 14, what is 2d18 - -208?
3122
In base 8, what is 4 - -310355770?
310355774
In base 11, what is -335389801 + 4?
-3353897a8
In base 3, what is 21022222111 - -1012100?
21101011211
In base 13, what is -3 + -212408?
-21240b
In base 12, what is 19a48459 - 3?
19a48456
In base 10, what is 405036704 + 0?
405036704
In base 12, what is 17b + -250a4?
-24b25
In base 10, what is 36 + -8427864?
-8427828
In base 3, what is 121011200 + 20022?
121101222
In base 9, what is -2211214288 + -4?
-2211214303
In base 9, what is -4842721 + 5?
-4842715
In base 14, what is 540a - 322?
50c8
In base 2, what is 1111 + 100010111110000110010?
100010111110001000001
In base 7, what is 106163 - 14153?
62010
In base 2, what is 1001100101110000011 - -100011?
1001100101110100110
In base 12, what is -9a + 114b90?
114ab2
In base 5, what is 100 + -142012322?
-142012222
In base 8, what is -6562333 + -10?
-6562343
In base 4, what is -21 + 10301110121?
10301110100
In base 8, what is -244213 + -64?
-244277
In base 10, what is -386 + 518040?
517654
In base 5, what is -1104043 - -13043?
-1041000
In base 4, what is 2 - -122212002233?
122212002301
In base 4, what is 33321 + -1233301?
-1133320
In base 15, what is 1e - 4c703?
-4c6d4
In base 10, what is 3627750 + 16?
3627766
In base 5, what is 2123311021 - -34?
2123311110
In base 2, what is -10111100110010100111111010 + 1?
-10111100110010100111111001
In base 13, what is 4473b521 + 0?
4473b521
In base 2, what is -10111011110 - 11010110010110000?
-11011001010001110
In base 14, what is c4 + -a6353?
-a626d
In base 11, what is 385320 + -14?
385307
In base 6, what is 114402513 - 31?
114402442
In base 12, what is 59 - 90b24?
-90a87
In base 9, what is 105754 - -78?
105843
In base 7, what is 50 + 235331?
235411
In base 3, what is -11101101 - 101200001221?
-101211110022
In base 7, what is 1234 + -2306020?
-2304453
In base 11, what is 162 + 6632?
6794
In base 15, what is -1c6 + 4966?
4790
In base 4, what is -2110230 - 110133?
-2221023
In base 8, what is 7 - -22176330?
22176337
In base 14, what is 1 - 34c0dc?
-34c0db
In base 11, what is -813841 - 79?
-81390a
In base 8, what is 10251 + 2613?
13064
In base 15, what is -1 + 53e4b04?
53e4b03
In base 8, what is 0 + 305770750?
305770750
In base 13, what is 104aa8 + 6b?
104b46
In base 6, what is 1351 - -1452?
3243
In base 15, what is -168d + 6200?
4a62
In base 16, what is -4 - 32584e?
-325852
In base 5, what is 2 - 1144023230?
-1144023223
In base 9, what is 184 + -515326?
-515132
In base 5, what is 1 + 211243014041?
211243014042
In base 6, what is 44404022 - 13?
44404005
In base 7, what is -13633444 + 30?
-13633414
In base 14, what is -1 - b3b0027?
-b3b0028
In base 3, what is 202110011 - 201011?
201202000
In base 8, what is 3 - 3700004?
-3700001
In base 11, what is -1159 - -82478?
8131a
In base 4, what is 1233031301 + -102?
1233031133
In base 11, what is -1974625 + -5?
-197462a
In base 4, what is -10003131203 - 201?
-10003132010
In base 14, what is 106bd46 - -2?
106bd48
In base 5, what is 4344013041200 - -2?
4344013041202
In base 13, what is -81a9 - 626c?
-11448
In base 8, what is 2430 - -102022?
104452
In base 4, what is -102 + -1030303211?
-1030303313
In base 12, what is 19 + 21bb402?
21bb41b
In base 8, what is 155606 - 703?
154703
In base 9, what is -285 - 136228?
-136524
In base 10, what is 36690 - 3940?
32750
In base 13, what is 148687 - 85?
148602
In base 11, what is 70 + -209800?
-209740
In base 4, what is 3 + 302213113?
302213122
In base 6, what is -511 + 123105332?
123104421
In base 13, what is 3 - -989c96?
989c99
In base 8, what is -63140026 - 132?
-63140160
In base 16, what is -1c + da3b?
da1f
In base 12, what is -47 - -708846?
7087bb
In base 8, what is -2527 + 14540?
12011
In base 11, what is -721 + 1801?
1090
In base 10, what is -45 + -713319?
-713364
In base 11, what is 180 - 191373?
-1911a3
In base 16, what is -9dac3353 + 4?
-9dac334f
In base 5, what is 213042 + 223310?
441402
In base 4, what is -22110111 + -2302033?
-31012210
In base 7, what is 1206 - 205422?
-204213
In base 3, what is -12 + -1102220020211?
-1102220021000
In base 12, what is -138a - 196a9?
-1aa77
In base 4, what is 103 + -322212223011?
-322212222302
In base 8, what is -10244 - 12074?
-22340
In base 4, what is -11 + -21110230200?
-21110230211
In base 13, what is 8249 - 27?
8222
In base 9, what is -1086 - 88?
-1185
In base 6, what is 23 + 10532024?
10532051
In base 15, what is 7bbc28 - -2